1
Calculate the greatest common divisor of 117 and 99.
9
Calculate the highest common factor of 2 and 29.
1
Calculate the highest common divisor of 84 and 280.
28
Calculate the highest common factor of 141 and 6627.
141
What is the greatest common factor of 63622 and 26?
26
Calculate the greatest common factor of 2491 and 329.
47
Calculate the highest common divisor of 8 and 7100.
4
What is the greatest common factor of 700 and 1200?
100
Calculate the greatest common divisor of 2171 and 52.
13
Calculate the highest common divisor of 4 and 17.
1
Calculate the highest common divisor of 3652 and 11.
11
Calculate the greatest common factor of 58 and 2.
2
What is the highest common divisor of 2058 and 42?
42
What is the highest common factor of 80 and 80?
80
Calculate the greatest common factor of 562 and 12.
2
What is the highest common factor of 287 and 123?
41
What is the greatest common factor of 2054 and 52?
26
What is the highest common factor of 39 and 481?
13
Calculate the greatest common factor of 14 and 30.
2
Calculate the greatest common factor of 7 and 553.
7
Calculate the highest common divisor of 344 and 129.
43
What is the highest common divisor of 447 and 298?
149
Calculate the highest common divisor of 10700 and 40.
20
What is the highest common divisor of 6 and 627?
3
What is the highest common factor of 4 and 242?
2
Calculate the highest common factor of 58 and 2.
2
Calculate the greatest common factor of 72 and 64.
8
Calculate the highest common divisor of 3762 and 18.
18
What is the highest common divisor of 48 and 296?
8
What is the highest common factor of 3 and 1890?
3
Calculate the highest common factor of 32 and 1328.
16
What is the highest common factor of 144 and 18?
18
What is the highest common factor of 8 and 1548?
4
Calculate the greatest common factor of 11224 and 732.
244
What is the greatest common divisor of 2808 and 832?
104
What is the greatest common factor of 99 and 858?
33
Calculate the highest common factor of 156 and 132.
12
Calculate the highest common factor of 294 and 84.
42
Calculate the greatest common divisor of 212 and 159.
53
What is the greatest common factor of 12025 and 65?
65
Calculate the highest common factor of 3 and 1272.
3
Calculate the highest common divisor of 3249 and 9.
9
Calculate the highest common divisor of 1149 and 6.
3
What is the highest common divisor of 25 and 115?
5
Calculate the greatest common divisor of 2670 and 30.
30
What is the greatest common factor of 1760 and 10?
10
Calculate the highest common factor of 184 and 1608.
8
Calculate the highest common factor of 21 and 54.
3
What is the highest common factor of 15 and 24?
3
Calculate the highest common divisor of 13364 and 260.
52
Calculate the highest common divisor of 11414 and 78.
26
Calculate the greatest common divisor of 1998 and 148.
74
What is the greatest common factor of 61 and 53863?
61
Calculate the highest common divisor of 128 and 2944.
128
What is the greatest common factor of 869 and 711?
79
What is the greatest common divisor of 803 and 209?
11
What is the highest common divisor of 473 and 86?
43
Calculate the greatest common factor of 40 and 50.
10
What is the greatest common factor of 61 and 1037?
61
Calculate the highest common factor of 891 and 486.
81
Calculate the greatest common factor of 731 and 170.
17
What is the highest common factor of 238 and 154?
14
Calculate the greatest common factor of 2 and 106.
2
Calculate the greatest common factor of 32656 and 13.
13
Calculate the highest common factor of 2937 and 627.
33
Calculate the highest common factor of 55 and 264.
11
What is the highest common divisor of 1 and 1399?
1
What is the greatest common divisor of 7 and 24?
1
Calculate the highest common factor of 80 and 16.
16
Calculate the greatest common factor of 5 and 245.
5
What is the greatest common factor of 156 and 2412?
12
What is the greatest common divisor of 1416 and 120?
24
What is the highest common divisor of 1144 and 26?
26
Calculate the highest common factor of 2688 and 840.
168
What is the highest common divisor of 31 and 3?
1
What is the greatest common factor of 30 and 1065?
15
Calculate the greatest common divisor of 16 and 592.
16
Calculate the highest common divisor of 3 and 1536.
3
What is the highest common divisor of 8385 and 195?
195
What is the highest common factor of 144 and 1776?
48
What is the highest common divisor of 15875 and 125?
125
What is the greatest common divisor of 2185 and 529?
23
Calculate the highest common divisor of 29 and 899.
29
Calculate the greatest common factor of 450 and 20.
10
Calculate the highest common factor of 833 and 1127.
49
Calculate the greatest common divisor of 62 and 1.
1
Calculate the greatest common factor of 413 and 2301.
59
What is the highest common divisor of 375 and 12875?
125
Calculate the highest common factor of 79 and 3397.
79
What is the greatest common factor of 700 and 70?
70
What is the greatest common factor of 100 and 125?
25
What is the highest common divisor of 40 and 460?
20
Calculate the greatest common factor of 24 and 18.
6
What is the highest common divisor of 59 and 4189?
59
What is the greatest common divisor of 300 and 840?
60
Calculate the highest common divisor of 33 and 75.
3
What is the highest common divisor of 456 and 72?
24
What is the greatest common factor of 146 and 657?
73
Calculate the highest common factor of 216 and 270.
54
Calculate the greatest common divisor of 15 and 5.
5
What is the highest common divisor of 444 and 60?
12
What is the highest common factor of 43 and 172?
43
Calculate the highest common divisor of 160 and 64.
32
What is the highest common factor of 9 and 288?
9
Calculate the highest common factor of 27 and 11187.
9
What is the highest common factor of 16176 and 36?
12
What is the highest common divisor of 14 and 154?
14
What is the greatest common divisor of 1024 and 896?
128
Calculate the highest common divisor of 24998 and 116.
58
What is the highest common factor of 18 and 5148?
18
Calculate the greatest common factor of 470 and 1222.
94
What is the highest common divisor of 39 and 20267?
13
What is the greatest common factor of 160 and 28?
4
Calculate the greatest common divisor of 153 and 26724.
51
What is the highest common factor of 418 and 57?
19
What is the highest common factor of 52 and 442?
26
What is the greatest common factor of 50 and 538?
2
Calculate the highest common divisor of 1012 and 1584.
44
What is the greatest common divisor of 1064 and 56?
56
What is the greatest common factor of 2567 and 85?
17
Calculate the highest common factor of 339 and 791.
113
What is the highest common divisor of 7 and 35?
7
What is the greatest common divisor of 1085 and 279?
31
Calculate the greatest common divisor of 23019 and 3.
3
Calculate the highest common factor of 20 and 360.
20
Calculate the highest common divisor of 3780 and 56.
28
Calculate the highest common divisor of 18 and 6822.
18
What is the greatest common divisor of 13664 and 896?
224
What is the highest common divisor of 12 and 384?
12
Calculate the highest common divisor of 1422 and 18.
18
Calculate the greatest common factor of 6 and 15882.
6
What is the highest common divisor of 41 and 30053?
41
Calculate the highest common factor of 204 and 68.
68
Calculate the highest common factor of 16 and 1712.
16
Calculate the greatest common divisor of 9750 and 78.
78
What is the highest common divisor of 122 and 4514?
122
Calculate the highest common factor of 636 and 12.
12
What is the greatest common factor of 656 and 533?
41
What is the greatest common factor of 288 and 60?
12
What is the highest common divisor of 477 and 18?
9
Calculate the highest common factor of 22 and 253.
11
What is the highest common divisor of 171 and 2356?
19
Calculate the highest common divisor of 36 and 48.
12
What is the greatest common divisor of 624 and 39?
39
What is the greatest common divisor of 131 and 3?
1
Calculate the highest common factor of 27 and 432.
27
Calculate the greatest common factor of 417 and 57.
3
What is the greatest common divisor of 80 and 90?
10
Calculate the highest common factor of 62 and 6.
2
Calculate the greatest common factor of 6788 and 28.
4
What is the greatest common factor of 20270 an